t + 16930. What is r(-33)?
-1121
Let y(v) = 238*v - 23958. Give y(95).
-1348
Let i(w) = 184*w - 62289. Calculate i(339).
87
Let m(o) = 2022*o + 110920. Determine m(-55).
-290
Let n(o) = -o**3 - 182*o**2 + 394*o + 4381. Give n(-184).
-403
Let u(i) = -i**3 + 166*i**2 + 250*i - 14270. Give u(167).
-409
Let v(q) = 192*q + 27928. Calculate v(-145).
88
Let u(c) = -344*c + 14442. What is u(42)?
-6
Let q(h) = -12*h - 399. Give q(-21).
-147
Let u(b) = -3159*b - 12519. Give u(-4).
117
Let n(u) = -200*u - 18455. What is n(-94)?
345
Let h(k) = 260*k + 27325. Calculate h(-104).
285
Let n(h) = -h**2 - 3938*h - 155927. What is n(-40)?
-7
Let v(d) = -d**2 + 81*d - 806. Give v(42).
832
Let w(p) = 1032*p - 34329. Determine w(33).
-273
Let k(j) = -4*j**3 + 296*j**2 - 85*j + 6212. Determine k(74).
-78
Let t(y) = y**3 - 646*y**2 + 10677*y + 39. What is t(17)?
-233
Let w(v) = v**2 - 215*v - 131903. What is w(-271)?
-197
Let u(l) = 2*l**3 - 2747*l**2 - l - 2053. Determine u(0).
-2053
Let k(o) = 65*o**2 - 393*o - 26. Determine k(7).
408
Let l(h) = -2501*h + 1494. Determine l(0).
1494
Let f(b) = 12*b**3 + 156*b**2 - 40*b - 485. Give f(-13).
35
Let f(d) = 18*d**3 - d**2 - 143*d - 413. What is f(-3)?
-479
Let n(p) = 7997*p + 94963. Determine n(-12).
-1001
Let l(w) = -39*w**2 + 863*w - 3428. Calculate l(17).
-28
Let v(f) = 4*f**3 + 61*f**2 - 37*f + 161. What is v(-18)?
-2737
Let z(d) = -d**3 - 17*d**2 + 2465*d + 377. Determine z(42).
-169
Let k(s) = 5*s**2 - 468*s + 190. Determine k(94).
378
Let h(r) = r**2 - 176*r + 7533. Give h(108).
189
Let u(d) = 9158*d + 9799062. Determine u(-1070).
2
Let n(p) = -18*p**2 - 2269*p - 8919. What is n(-4)?
-131
Let h(i) = -62421*i - 6242093. Determine h(-100).
7
Let c(o) = -o**3 - 2*o**2 + 2534*o + 15047. What is c(-6)?
-13
Let b(d) = 2*d**3 - 597*d**2 - 39296*d + 716. Calculate b(354).
8
Let v(r) = -r**3 - 11*r**2 + 2578*r + 25897. Give v(-10).
17
Let n(a) = -148*a**2 - 4706*a + 888. Give n(-32).
-72
Let w(x) = 96*x**2 + 27919*x - 4945. What is w(-291)?
2
Let v(t) = -t**3 + 193*t**2 - 1005*t + 395003. Calculate v(198).
-7
Let u(j) = 22*j**2 + 169*j + 1008. Give u(-6).
786
Let z(y) = -46*y**2 - 1762*y + 8. Give z(-37).
2228
Let s(k) = k**3 + 16*k**2 - 57*k + 53. Determine s(-18).
431
Let p(n) = 1331*n**2 + 41260*n - 45. Give p(-31).
-14
Let b(c) = 2496*c + 44881. Give b(-18).
-47
Let b(t) = -8546*t - 128158. What is b(-15)?
32
Let j(c) = -66*c**2 - 743*c - 742. Give j(-1).
-65
Let s(f) = f**2 - 1987*f + 47083. What is s(24)?
-29
Let x(f) = 6614*f - 86589. Determine x(13).
-607
Let g(f) = -f**2 + 14*f + 1103. Calculate g(-22).
311
Let u(y) = 6*y**2 + 2498*y - 12522. What is u(5)?
118
Let u(j) = -j**3 + 1317*j**2 + 61280*j + 13627. Determine u(1362).
7
Let w(x) = 574489*x + 1148964. Calculate w(-2).
-14
Let a(q) = q**3 + 2035*q**2 - 7*q - 610. What is a(0)?
-610
Let z(j) = -j**2 + 10064*j + 252243. Calculate z(-25).
18
Let t(x) = x**2 - 120*x + 499. What is t(4)?
35
Let n(o) = -76*o + 1181. What is n(11)?
345
Let g(z) = -z**3 + 1813*z**2 + 3000*z + 1143451. Determine g(1815).
1
Let g(b) = -461*b + 8780. Determine g(20).
-440
Let o(j) = j**3 - 69*j**2 + 596*j - 261. Give o(59).
93
Let z(b) = b**3 + 51*b**2 + 660*b + 381. What is z(-24)?
93
Let p(a) = 3*a**3 - 28*a**2 + 37*a - 115. Give p(13).
2225
Let g(u) = 2*u**2 - 682*u + 45167. Determine g(90).
-13
Let l(j) = 4788*j - 19158. Calculate l(4).
-6
Let u(d) = 8*d**2 + 231*d - 23. Give u(-32).
777
Let b(s) = s**2 + 65080*s - 98576843. What is b(1481)?
-2
Let y(l) = l**2 - 2619*l - 79516. Give y(-30).
-46
Let j(t) = -255*t + 2443. Determine j(20).
-2657
Let n(u) = 19*u**2 - 16435*u + 16616. Calculate n(864).
200
Let n(k) = 127*k - 5651. Calculate n(45).
64
Let o(y) = 466*y**2 + 5856*y - 2656. What is o(-13)?
-30
Let x(p) = 971*p + 69891. Calculate x(-72).
-21
Let g(h) = h**3 - 8*h**2 + 4208*h - 33704. Calculate g(8).
-40
Let z(d) = 8*d**3 - 161*d**2 - 153*d - 102. Calculate z(21).
-228
Let w(t) = -12*t**3 - 15*t**2 - 146*t - 266. Calculate w(-5).
1589
Let i(f) = -14*f**2 - 19*f - 12. Calculate i(-4).
-160
Let n(i) = 7*i**2 + 4*i + 25. Calculate n(4).
153
Let w(h) = 96533*h - 8977563. Give w(93).
6
Let o(b) = -8*b**3 + 4*b**2 + 9764*b + 9761. What is o(-1)?
9
Let w(y) = -y**2 - 54534*y + 763688. Give w(14).
16
Let z(m) = -m**3 - 60*m**2 + 14*m - 3603. Determine z(-61).
-736
Let l(x) = -x**2 + 91574*x + 549379. What is l(-6)?
-101
Let m(a) = -a**3 + 498*a**2 + 4976*a - 1046. What is m(-10)?
-6
Let p(h) = h**3 - 62*h**2 - 215*h + 1473. Calculate p(65).
173
Let u(p) = 66790*p - 1736529. What is u(26)?
11
Let a(l) = 19*l**2 + 554*l - 221. What is a(-26)?
-1781
Let q(p) = -61*p**2 - 14713*p - 2078. Give q(-241).
814
Let x(j) = j**2 - 481*j + 18064. Calculate x(41).
24
Let f(s) = -719*s + 6435. What is f(8)?
683
Let q(n) = 2*n**3 + 74*n**2 - 272*n + 2297. What is q(-41)?
1
Let l(n) = -n**3 + 325*n**2 - 949*n - 4378. Determine l(322).
1096
Let t(z) = -460*z + 15488. Give t(37).
-1532
Let k(r) = -24*r**2 - 11070*r + 113113. Calculate k(10).
13
Let t(i) = -1955*i - 428153. Determine t(-219).
-8
Let y(h) = -10*h**2 + 351*h + 7. What is y(35)?
42
Let h(f) = f**3 + 14*f**2 - 96*f - 1442. What is h(-12)?
-2
Let u(i) = -i**2 + 20472*i + 5348343. Determine u(-258).
3
Let d(s) = -119364*s - 3819651. Calculate d(-32).
-3
Let j(m) = -m**2 + 12970*m - 310712. Give j(24).
-8
Let r(a) = 3*a**2 + 155055*a - 4033453. What is r(26)?
5
Let l(o) = o**2 + 687*o + 10. Determine l(0).
10
Let y(v) = -1240*v + 2403. Determine y(2).
-77
Let f(t) = -92*t**2 + 2122*t - 127. Give f(23).
11
Let l(f) = 13*f - 1872. Give l(126).
-234
Let n(o) = 2884*o - 4922981. What is n(1707)?
7
Let b(l) = -1560*l + 45772. Determine b(28).
2092
Let u(j) = 261*j + 5313. Calculate u(-19).
354
Let w(t) = t**2 - 330*t + 12630. Determine w(286).
46
Let h(b) = 1066*b + 5436. What is h(-5)?
106
Let l(q) = -8940*q - 938686. Determine l(-105).
14
Let b(n) = n**3 + 147*n**2 - 2046*n - 280850. Determine b(-148).
54
Let r(z) = -327*z**2 - 1968*z + 4. Give r(-6).
40
Let w(s) = -3*s**3 + 4*s**2 + 2659*s - 7940. Give w(3).
-8
Let g(j) = 64*j**2 + 31*j + 91. What is g(-4)?
991
Let t(u) = 1002*u - 10088. Give t(10).
-68
Let w(n) = -n**3 - 627*n**2 - 646*n - 12692. Calculate w(-626).
-172
Let q(a) = 16*a**2 - 6042*a - 30237. What is q(-5)?
373
Let h(q) = 7*q**3 - 666*q**2 + 94*q + 108. Give h(95).
13
Let y(i) = 96715*i + 1160574. What is y(-12)?
-6
Let u(x) = 8977*x - 242315. Give u(27).
64
Let c(o) = 2*o**2 + 256*o - 2319. Determine c(9).
147
Let d(s) = 5*s**2 + 479*s + 749. Calculate d(-96).
845
Let l(u) = 2783*u + 306099. Calculate l(-110).
-31
Let f(w) = 3*w**2 + 1103*w - 39658. What is f(33)?
8
Let d(w) = w**3 - 34*w**2 + 740*w - 25955. Give d(33).
-2624
Let g(a) = a**3 + 9*a**2 - 443*a - 4892. Determine g(-11).
-261
Let p(a) = -5*a**2 + 623*a + 8945. Give p(-15).
-1525
Let n(m) = 3*m**3 + 12*m**2 - 340*m - 1722. Calculate n(-5).
-97
Let f(y) = -3618*y + 64966. Determine f(18).
-158
Let i(h) = -35*h**2 - 203*h + 22. Give i(-6).
-20
Let z(f) = 802*f - 74. Determine z(2).
1530
Let b(s) = -s**3 + 2*s**2 - 1028*s + 5185. What is b(5)?
-30
Let t(v) = -v**3 + 22*v**2 - 12*v - 195. Give t(24).
-1635
Let f(u) = -2*u**3 + 94*u**2 - 188*u + 398. Calculate f(45).
38
Let v(j) = 2*j**3 - 44*j**2 + 1698*j - 91281. Give v(35).
-1
Let v(r) = 24*r + 1664. Give v(-67).
56
Let n(z) = -4*z**2 - 88179*z - 440788. Give n(-5).
7
Let z(r) = 39*r - 974. Calculate z(31).
235
Let g(s) = s**3 - 16*s**2 - 59*s + 519. Calculate g(12).
-765
Let z(f) = 2*f**3 + 169*f**2 + 2107*f + 4401. Determine z(-12).
-3
Let u(d) = 2*d**3 - 58*d**2 + 14*d - 607. Determine u(29).
-201
Let t(b) = -b**3 + 33*b**2 + 208*b + 87. What is t(-5)?
-3
Let p(q) = -503*q - 12733. What is p(-25)?
-158
Let f(x) = x**3 + 57*x**2 - 4150*x + 1015. What is f(-99)?
223
Let c(l) = -26*l**2 + 614*l - 1234. Determine c(2).
-110
Let t(g) = -903*g - 4523. What is t(-5)?
-8
Let h(x) = -500*x**2 - 131008*x - 2090. Determine h(-262).
6
Let d(h) = -3*h**2 - 39*h - 353. Give d(0).
-353
Let n(w) = -2*w**3 - 104*w**2 - 64*w - 8890. Calculate n(-53).
120
Let d(o) = -368*o**2 + 4538*o + 9075. Determine d(-2).
-1473
Let g(i) = -3*i**2 + 681*i + 8775. Give g(-13).
-585
Let g(a) = 267412*a + 802223. What is g(-3)?
-13
Let a(z) = 1035